114. Let v = q - -2766. Is 0 + 0/3 - (0 - v) composite?
True
Is 22/(-11) + -7 - -3520 a prime number?
True
Let i(x) = x**3 + 1. Let k(p) = 7*p**3 + 3*p**2 + 11*p + 16. Let c(b) = 5*i(b) - k(b). Let r be c(-9). Let f = 2198 - r. Is f composite?
True
Let j = 487 - -910. Is j a composite number?
True
Let k(w) = 288*w**2 + 45*w + 30. Let q be k(9). Suppose 67 + q = 10*b. Is b prime?
True
Suppose -3*t - 4*v - 582 = -2622, -2*v + 680 = t. Let c = 1195 - t. Is c composite?
True
Let g be ((-21356)/114)/(2/(0 - 6)). Let f = 189 + -78. Let a = g + f. Is a a composite number?
False
Suppose 5*c + 2725930 = 9*c - 3*n, -2*c + 1362968 = -3*n. Is c a composite number?
False
Let c(y) = -327*y + 64. Suppose -2*u + 7*f = 5*f + 40, -f + 3 = 0. Is c(u) a prime number?
True
Let o = -5320 + 8369. Is o a prime number?
True
Suppose 2*w - 5*f = 12270 - 2941, -2*f = -5*w + 23375. Is w prime?
False
Suppose -4*r - 28 + 104 = -3*k, 0 = -2*r + 3*k + 44. Let s(m) = -m**3 + 26*m**2 - 2*m - 8. Let a be s(r). Suppose h = 3*t - 972 - a, t - 1169 = 2*h. Is t prime?
True
Let p be 14/(-7) - (-14)/(-2). Let v be (p - -8)/(1/(-145)). Let o = v + 78. Is o composite?
False
Let x = -23 + 25. Suppose 0 = 7*m - x - 5. Suppose m = g - 82. Is g composite?
False
Suppose -5*j - 1434 = 3*b, 2*j + 2*b = -108 - 464. Let u = -204 - j. Suppose 78*f = u*f - 6234. Is f composite?
False
Let w(h) = 11*h**2 - 94*h + 291. Is w(-58) a composite number?
True
Let c be (36/30)/(3/15*2). Suppose -2*a + 4*g - 10577 = -3*a, 5*a = c*g + 52793. Is a composite?
True
Let t = 24043 + -11257. Let p = 1615 + t. Is p a composite number?
False
Is (-46)/(-207) - 1356004/(-36) prime?
False
Suppose 352999 = 2*s + 5*g, 6*s - 2*g + 393523 = 1452503. Is s a composite number?
False
Suppose 0*j - 2*j = -1708. Let w be (-14571)/(-19) + ((-18)/171)/(-1). Let a = w + j. Is a composite?
False
Let b = -173400 - -257213. Is b composite?
False
Let t(j) = 20405*j + 2165. Is t(34) prime?
False
Suppose -433 + 43 = 15*s. Let l = -17 - s. Is (-2 - (-15)/l)*-1623 prime?
True
Let o = -211 + 213. Is o + 5593/4 + 6/8 composite?
True
Let c be ((-12)/(-5))/(-2)*335/(-67). Is ((-4403490)/140)/(c/(-4)) composite?
True
Suppose -106*c - 12 = -110*c. Suppose c*l - 8902 = -2*p + 7*l, 0 = -4*p + 4*l + 17784. Is p prime?
True
Let s(v) = 6*v + 5. Let c(b) = b**2 + 7*b - 1. Let w be c(-7). Let u be s(w). Is (u*2)/((-6)/3786) composite?
True
Let l(f) = f**3 - 14*f**2 + 15*f - 13. Let g be l(15). Suppose -10*m + g + 36933 = 0. Is m composite?
True
Let h = 575465 - 45630. Is h a prime number?
False
Let y = 132717 + 3420. Suppose 9*h - y = -52338. Is h prime?
True
Let d(q) = q**3 + 134*q**2 - 25*q - 1619. Is d(-56) composite?
True
Let i(z) = 25538*z - 3950. Is i(38) a composite number?
True
Is -521*((-3379)/11 - (-8)/44) a prime number?
False
Let o = -952001 - -1597398. Is o a composite number?
False
Let f(w) = 2091*w - 7. Let c(p) = p - 1. Let i(k) = -4*c(k) + f(k). Is i(4) a composite number?
True
Let w(p) = -p + 23. Let v be w(2). Suppose v*a - 10338 = 19*a. Is a a prime number?
False
Suppose h = -3*d - 1, -5*h + 0*h - 5*d = -15. Suppose h*v - t - 4 = 0, t = -2*v + 6*t + 20. Suppose 0 = 4*z, 4*q + v*z - 4*z - 868 = 0. Is q a prime number?
False
Is (384469/(-2))/((-8)/16) prime?
True
Let s = -1399364 - -2156623. Is s a prime number?
True
Suppose 3*x = 16 - 4. Suppose 4*w - 1240 = -d + w, 0 = 5*d - x*w - 6124. Suppose 0 = -4*a - h + d, 5*h = h. Is a a composite number?
False
Is 14/168*-138*(-1 + -501) composite?
True
Suppose 0 = -4*d + 55 + 33. Let w be 66/d + (1*-1 - 132). Is 1 + (0 - w) - 4 a prime number?
True
Suppose -7*m - 5704958 = 19*m - 15119220. Is m a composite number?
True
Let s(x) = 3184*x + 553. Is s(12) a composite number?
True
Let j(d) = -d**3 - 6*d**2 + d + 5. Let i be j(-6). Let s = 779 + -1466. Is (s + 16/(-4))*i a composite number?
False
Let r(t) = 1462*t**2 + 44*t + 417. Is r(-10) a prime number?
False
Let l = -150 + 147. Let c(i) = i + 2. Let m be c(0). Is 3 + (-324)/l - (-8)/m a prime number?
False
Is (-16 + 5 - -12)/((-2)/(-38242)) a composite number?
False
Let z(t) = -4466*t**3 - 23*t - 37. Is z(-2) prime?
False
Is -5 - (-48451)/26*24 prime?
False
Let l = -10367 + 74274. Is l a composite number?
False
Suppose 162648 - 4723687 = -149*r. Is r a prime number?
False
Suppose 0 = -2*s + s - 1170. Suppose 4*c - 4*x = 2*c + 4250, -5*c - 3*x + 10612 = 0. Let k = c + s. Is k composite?
False
Let b(g) = 16745*g + 2723. Is b(6) composite?
True
Let l be -2 + 0 + -3 + 24/6. Let c(b) = b**3 - b**2 + b. Let u(i) = i**3 - 4*i**2 + 3*i - 21. Let a(v) = l*u(v) + 4*c(v). Is a(8) prime?
False
Suppose n - 12 = -5*n. Suppose 0 = 4*j + n*z - 2, -j + 3*j = z + 7. Suppose -j*r = -r - 797. Is r a prime number?
True
Is 28687690/1342 - (-2 + 20/11) composite?
False
Let h = -223158 - -1085519. Is h prime?
False
Let t(s) be the first derivative of -5/3*s**3 + 3*s + 1/4*s**4 - 1/2*s**2 - 5. Is t(7) a prime number?
False
Let h(i) = -i**3 - 5*i**2 + 3*i**2 + 4*i**2 - 5*i - 7. Let l be h(-7). Let b = 798 - l. Is b prime?
False
Let i(h) = 2*h**3 + 8*h**2 + 7*h - 5. Let q be i(-6). Is 9/9*1/((-1)/q) a prime number?
True
Is (154522/3)/(135/81 + 0 + -1) a prime number?
True
Let b(g) = -449*g + 16*g**2 + 3 + 10*g**2 - 5*g**2 + 337*g. Is b(-10) composite?
True
Let b(y) = 2*y - 28. Let g(o) = o + 23. Let k be g(-11). Let a be b(k). Is (a/(-12)*291)/((-1)/(-7)) a composite number?
True
Suppose 57 = -8*o - 79. Let m = o + 22. Suppose -3*s - 2*l + 3*l + 4956 = 0, -m*s - 3*l + 8246 = 0. Is s a composite number?
True
Suppose 10 + 11 = 3*s. Is 4392 - 1 - ((-35)/s - -5) composite?
False
Let f = -109 + 15. Let i(k) = -83*k + 5. Let l be i(-2). Let w = f + l. Is w a composite number?
True
Suppose -s + 3595 = -w, s + 11*w - 16*w = 3615. Let i = -1863 + s. Is i composite?
True
Suppose -4*g = -12*m + 10*m + 42, -m - 35 = 5*g. Is (26995/20 + 8)/((-2)/g) prime?
True
Suppose -31708 = -5*f + 8802. Let u = 215 + f. Is u composite?
False
Suppose -2*d = -n + 2, d - 1 + 2 = -4*n. Suppose n = 14*q - 141643 - 23375. Is q a prime number?
False
Let a = -25 + 30. Suppose 30 = -a*m - 125. Let p = 426 + m. Is p composite?
True
Let y be (-1)/2*3*-4. Let p(w) = -4 - 6 + 19 + 7*w. Is p(y) composite?
True
Suppose 0 = -4*q, 2*u + 5*q = 4*u - 8. Let c be ((-90700)/150)/((-1)/(-3) + -1). Suppose -u*a - 3*o = -c, -a - 684 = -4*a - 3*o. Is a composite?
False
Let r = 163978 - -285541. Is r prime?
False
Let c = -32875 - -87596. Is c prime?
True
Let f(o) = 6*o**3 - 45*o + 31*o + 20*o - 3*o**2 + 34 + 8*o**3 + 20*o. Is f(7) a prime number?
True
Suppose 18*r = -38 - 70. Suppose 3*h = -h + 2*l + 3376, 0 = 3*h + 4*l - 2532. Is (-3)/r*1/2*h prime?
True
Let x(l) = 0 - 5 + 471*l + 14. Is x(2) a composite number?
True
Let o = 19 + -17. Suppose 0 = -5*w - h + 6*h - 2410, -1447 = 3*w - o*h. Let t = w - -1190. Is t a prime number?
False
Let s(m) = 4*m - 11. Let i be s(3). Let o be i/4 - (-7)/(-28). Suppose -r + 4*k + 1795 = o, -5*k + 2*k = -4*r + 7128. Is r a prime number?
False
Suppose -3*d + j - 7 = 19, 0 = -3*d + 4*j - 14. Is 12/d - (-17403)/15 prime?
False
Let q = 50998 + 7201. Is q a prime number?
True
Let y = -1816032 - -3117347. Is y composite?
True
Suppose 1186*l + 2234360 = 1226*l. Is l composite?
True
Suppose -25*b + 35*b + 8440 = 0. Let d = 1739 + b. Is d a composite number?
True
Suppose 16*m = -4*o + 14*m - 16, o - 2*m = 6. Is o/(-11) - 1404615/(-165) prime?
True
Suppose -3*f + 42 - 27 = 0. Let w(t) = t**2 - 7*t + 13. Let d be w(f). Suppose -85 = -p - 3*i + 208, -2*p + d*i = -586. Is p a prime number?
True
Let u = -303272 + 623439. Is u prime?
False
Suppose -5 = 4*z - 4*h - 29, -3*h = z + 6. Is ((-2)/z)/((-16)/448536) prime?
False
Let d(u) be the second derivative of -149*u**3/2 + u**2/2 + 19*u. Let m be d(6). Let x = 1704 - m. Is x composite?
True
Suppose 4*i + 1 = i + 4*q, 7 = -5*i + 4*q. Let f be -3 - ((-782)/2 + i). Let m = f - 230. Is m prime?
False
Is 241963/5*1/(-2)*-10 a composite number?
False
Is (1 - 2)*(-287 - 102) a composite number?
False
Let l = 155 - 289. Let a(g) = -g**2 + 52*g + 260. Let q be a(61). Let n = l - q. Is n a prime number?
False
Suppose -27*c + 26*c = -11247. Is (274/6)/(23/c) composite?
True
Let w(k) = 2*k**2 + 5*k - 29. Let c be -3 + 3 + -4 - 4. Let y = c + -6. Is w(y) composit